{"id":351,"date":"2021-05-21T11:48:08","date_gmt":"2021-05-21T16:48:08","guid":{"rendered":"https:\/\/micgf.com\/?page_id=351"},"modified":"2021-05-21T12:00:50","modified_gmt":"2021-05-21T17:00:50","slug":"cotizar","status":"publish","type":"page","link":"https:\/\/micgf.com\/index.php\/cotizar\/","title":{"rendered":"Cotizar"},"content":{"rendered":"\t\t<div data-elementor-type=\"wp-page\" data-elementor-id=\"351\" class=\"elementor elementor-351\">\n\t\t\t\t\t\t<section class=\"elementor-section elementor-top-section elementor-element elementor-element-cf5c23c elementor-section-boxed elementor-section-height-default elementor-section-height-default\" data-id=\"cf5c23c\" data-element_type=\"section\">\n\t\t\t\t\t\t<div class=\"elementor-container elementor-column-gap-default\">\n\t\t\t\t\t<div class=\"elementor-column elementor-col-100 elementor-top-column elementor-element elementor-element-0f8aa9d\" data-id=\"0f8aa9d\" data-element_type=\"column\">\n\t\t\t<div class=\"elementor-widget-wrap elementor-element-populated\">\n\t\t\t\t\t\t<div class=\"elementor-element elementor-element-c733a72 elementor-widget elementor-widget-heading\" data-id=\"c733a72\" data-element_type=\"widget\" data-widget_type=\"heading.default\">\n\t\t\t\t<div class=\"elementor-widget-container\">\n\t\t\t\t\t<h2 class=\"elementor-heading-title elementor-size-default\">Empecemos con unos datos para cotizar tu proyecto<\/h2>\t\t\t\t<\/div>\n\t\t\t\t<\/div>\n\t\t\t\t<div class=\"elementor-element elementor-element-5aec9b3 elementor-widget elementor-widget-wp-widget-forminator_widget\" data-id=\"5aec9b3\" data-element_type=\"widget\" data-widget_type=\"wp-widget-forminator_widget.default\">\n\t\t\t\t<div class=\"elementor-widget-container\">\n\t\t\t\t\t<div class=\"forminator-ui forminator-custom-form forminator-custom-form-161 forminator-design--material  forminator_ajax\" data-forminator-render=\"0\" data-form=\"forminator-module-161\" data-uid=\"69ddc760ea086\"><br\/><\/div><form\n\t\t\t\tid=\"forminator-module-161\"\n\t\t\t\tclass=\"forminator-ui forminator-custom-form forminator-custom-form-161 forminator-design--material  forminator_ajax\"\n\t\t\t\tmethod=\"post\"\n\t\t\t\tdata-forminator-render=\"0\"\n\t\t\t\tdata-form-id=\"161\"\n\t\t\t\t\n\t\t\t\tdata-design=\"material\"\n\t\t\t\t\n\t\t\t\t\n\t\t\t\t\n\t\t\t\tdata-grid=\"open\"\n\t\t\t\t\n\t\t\t\t\n\t\t\t\tstyle=\"display: none;\"\n\t\t\t\t\n\t\t\t\tdata-uid=\"69ddc760ea086\"\n\t\t\t><div role=\"alert\" aria-live=\"polite\" class=\"forminator-response-message forminator-error\" aria-hidden=\"true\"><\/div><div class=\"forminator-row\"><div id=\"checkbox-1\" class=\"forminator-field-checkbox forminator-col forminator-col-12 \"><div role=\"group\" class=\"forminator-field required\" aria-labelledby=\"forminator-checkbox-group-forminator-field-checkbox-1-69ddc760ea086-label\"><span id=\"forminator-checkbox-group-forminator-field-checkbox-1-69ddc760ea086-label\" class=\"forminator-label\">\u00bfCon que deseas empezar tu proyecto? <span class=\"forminator-required\">*<\/span><\/span><label id=\"forminator-field-checkbox-1-1-69ddc760ea086-label\" for=\"forminator-field-checkbox-1-1-69ddc760ea086\" class=\"forminator-checkbox\" title=\"Dise\u00f1ar mi WEB\"><input type=\"checkbox\" name=\"checkbox-1[]\" value=\"disear-mi-web\" id=\"forminator-field-checkbox-1-1-69ddc760ea086\" aria-labelledby=\"forminator-field-checkbox-1-1-69ddc760ea086-label\" data-calculation=\"0\"  \/><span class=\"forminator-checkbox-box\" aria-hidden=\"true\"><\/span><span class=\"forminator-checkbox-label\">Dise\u00f1ar mi WEB<\/span><\/label><label id=\"forminator-field-checkbox-1-2-69ddc760ea086-label\" for=\"forminator-field-checkbox-1-2-69ddc760ea086\" class=\"forminator-checkbox\" title=\"Actualizar mi WEB\"><input type=\"checkbox\" name=\"checkbox-1[]\" value=\"actualizar-mi-web\" id=\"forminator-field-checkbox-1-2-69ddc760ea086\" aria-labelledby=\"forminator-field-checkbox-1-2-69ddc760ea086-label\" data-calculation=\"0\"  \/><span class=\"forminator-checkbox-box\" aria-hidden=\"true\"><\/span><span class=\"forminator-checkbox-label\">Actualizar mi WEB<\/span><\/label><label id=\"forminator-field-checkbox-1-3-69ddc760ea086-label\" for=\"forminator-field-checkbox-1-3-69ddc760ea086\" class=\"forminator-checkbox\" title=\"Quiero una tienda en L\u00ednea\"><input type=\"checkbox\" name=\"checkbox-1[]\" value=\"quiero-una-tienda-en-lnea\" id=\"forminator-field-checkbox-1-3-69ddc760ea086\" aria-labelledby=\"forminator-field-checkbox-1-3-69ddc760ea086-label\" data-calculation=\"0\"  \/><span class=\"forminator-checkbox-box\" aria-hidden=\"true\"><\/span><span class=\"forminator-checkbox-label\">Quiero una tienda en L\u00ednea<\/span><\/label><label id=\"forminator-field-checkbox-1-4-69ddc760ea086-label\" for=\"forminator-field-checkbox-1-4-69ddc760ea086\" class=\"forminator-checkbox\" title=\"M\u00e1s informaci\u00f3n de c\u00f3mo funciona miCGF\"><input type=\"checkbox\" name=\"checkbox-1[]\" value=\"ms-informacin-de-cmo-funciona-micgf\" id=\"forminator-field-checkbox-1-4-69ddc760ea086\" aria-labelledby=\"forminator-field-checkbox-1-4-69ddc760ea086-label\" data-calculation=\"0\"  \/><span class=\"forminator-checkbox-box\" aria-hidden=\"true\"><\/span><span class=\"forminator-checkbox-label\">M\u00e1s informaci\u00f3n de c\u00f3mo funciona miCGF<\/span><\/label><\/div><\/div><\/div><div class=\"forminator-row\"><div id=\"textarea-1\" class=\"forminator-field-textarea forminator-col forminator-col-12 \"><div class=\"forminator-field\"><label for=\"forminator-field-textarea-1_69ddc760ea086\" id=\"forminator-field-textarea-1_69ddc760ea086-label\" class=\"forminator-label\">Cu\u00e9ntame un poco sobre tu empresa o servicios<\/label><textarea name=\"textarea-1\" placeholder=\"\" id=\"forminator-field-textarea-1_69ddc760ea086\" class=\"forminator-textarea\" rows=\"6\" style=\"min-height:140px;\" maxlength=\"180\" ><\/textarea><span id=\"forminator-field-textarea-1_69ddc760ea086-description\" class=\"forminator-description\"><span data-limit=\"180\" data-type=\"characters\" data-editor=\"\">0 \/ 180<\/span><\/span><\/div><\/div><\/div><div class=\"forminator-row\"><div id=\"name-1\" class=\"forminator-field-name forminator-col forminator-col-12 \"><div class=\"forminator-row forminator-no-margin\" data-multiple=\"true\"><div class=\"forminator-col forminator-col-md-6\"><div class=\"forminator-field\"><label for=\"forminator-field-first-name-1_69ddc760ea086\" id=\"forminator-field-first-name-1_69ddc760ea086-label\" class=\"forminator-label\">Nombre <span class=\"forminator-required\">*<\/span><\/label><input type=\"text\" name=\"name-1-first-name\" placeholder=\"Ejemplo: Juan\" id=\"forminator-field-first-name-1_69ddc760ea086\" class=\"forminator-input\" aria-required=\"true\" data-multi=\"1\" value=\"\" \/><\/div><\/div><div class=\"forminator-col forminator-col-md-6\"><div class=\"forminator-field\"><label for=\"forminator-field-middle-name-1_69ddc760ea086\" id=\"forminator-field-middle-name-1_69ddc760ea086-label\" class=\"forminator-label\">Segundo nombre<\/label><input type=\"text\" name=\"name-1-middle-name\" placeholder=\"Ejemplo: Pedro\" id=\"forminator-field-middle-name-1_69ddc760ea086\" class=\"forminator-input\" aria-required=\"false\" data-multi=\"1\" value=\"\" \/><\/div><\/div><div class=\"forminator-col forminator-col-md-6\"><div class=\"forminator-field\"><label for=\"forminator-field-last-name-1_69ddc760ea086\" id=\"forminator-field-last-name-1_69ddc760ea086-label\" class=\"forminator-label\">Apellidos <span class=\"forminator-required\">*<\/span><\/label><input type=\"text\" name=\"name-1-last-name\" placeholder=\"Ejemplo: P\u00e9rez\" id=\"forminator-field-last-name-1_69ddc760ea086\" class=\"forminator-input\" aria-required=\"true\" data-multi=\"1\" value=\"\" \/><\/div><\/div><\/div><\/div><\/div><div class=\"forminator-row\"><div id=\"email-1\" class=\"forminator-field-email forminator-col forminator-col-12 \"><div class=\"forminator-field\"><label for=\"forminator-field-email-1_69ddc760ea086\" id=\"forminator-field-email-1_69ddc760ea086-label\" class=\"forminator-label\">Correo electr\u00f3nico <span class=\"forminator-required\">*<\/span><\/label><input type=\"email\" name=\"email-1\" value=\"\" placeholder=\"Ej . : john@micgf.com\" id=\"forminator-field-email-1_69ddc760ea086\" class=\"forminator-input forminator-email--field\" data-required=\"true\" aria-required=\"true\" \/><\/div><\/div><\/div><div class=\"forminator-row\"><div id=\"phone-1\" class=\"forminator-field-phone forminator-col forminator-col-12 \"><div class=\"forminator-field\"><label for=\"forminator-field-phone-1_69ddc760ea086\" id=\"forminator-field-phone-1_69ddc760ea086-label\" class=\"forminator-label\">N\u00famero de WhatsApp <span class=\"forminator-required\">*<\/span><\/label><input type=\"text\" name=\"phone-1\" value=\"\" placeholder=\"Ejemplo: +593987654321\" id=\"forminator-field-phone-1_69ddc760ea086\" class=\"forminator-input forminator-field--phone\" data-required=\"1\" aria-required=\"true\" autocomplete=\"off\" data-validation=\"1\" aria-describedby=\"forminator-field-phone-1_69ddc760ea086-description\" \/><span id=\"forminator-field-phone-1_69ddc760ea086-description\" class=\"forminator-description\" id=\"forminator-field-phone-1_69ddc760ea086-description\">Hablemos por WhatsApp para que sea mejor la interacci\u00f3n<\/span><\/div><\/div><\/div><div class=\"forminator-row\"><div id=\"captcha-1\" class=\"forminator-field-captcha forminator-col forminator-col-12 \"><div class=\"forminator-captcha-left forminator-g-recaptcha\" data-theme=\"light\"  data-sitekey=\"6LfEbOEaAAAAAMVAZ0wunKmvo_cARLSCY3Uioj-6\" data-size=\"normal\"><\/div> <\/div><\/div><input type=\"hidden\" name=\"referer_url\" value=\"\" \/><div class=\"forminator-row forminator-row-last\"><div class=\"forminator-col\"><div class=\"forminator-field\"><button class=\"forminator-button forminator-button-submit\"><span>Solicitar cotizaci&oacute;n<\/span><span aria-hidden=\"true\"><\/span><\/button><\/div><\/div><\/div><input type=\"hidden\" id=\"forminator_nonce\" name=\"forminator_nonce\" value=\"744d6c7f87\" \/><input type=\"hidden\" name=\"_wp_http_referer\" value=\"\/index.php\/wp-json\/wp\/v2\/pages\/351\" \/><input type=\"hidden\" name=\"form_id\" value=\"161\"><input type=\"hidden\" name=\"page_id\" value=\"351\"><input type=\"hidden\" name=\"form_type\" value=\"default\"><input type=\"hidden\" name=\"current_url\" value=\"https:\/\/micgf.com\/index.php\/cotizar\/\"><input type=\"hidden\" name=\"render_id\" value=\"0\"><input type=\"hidden\" name=\"action\" value=\"forminator_submit_form_custom-forms\"><\/form>\t\t\t\t<\/div>\n\t\t\t\t<\/div>\n\t\t\t\t\t<\/div>\n\t\t<\/div>\n\t\t\t\t\t<\/div>\n\t\t<\/section>\n\t\t\t\t<\/div>\n\t\t","protected":false},"excerpt":{"rendered":"<p>Empecemos con unos datos para cotizar tu proyecto<\/p>\n","protected":false},"author":1,"featured_media":0,"parent":0,"menu_order":0,"comment_status":"closed","ping_status":"closed","template":"","meta":{"_monsterinsights_skip_tracking":false,"_monsterinsights_sitenote_active":false,"_monsterinsights_sitenote_note":"","_monsterinsights_sitenote_category":0,"site-sidebar-layout":"no-sidebar","site-content-layout":"page-builder","ast-site-content-layout":"default","site-content-style":"default","site-sidebar-style":"default","ast-global-header-display":"","ast-banner-title-visibility":"","ast-main-header-display":"","ast-hfb-above-header-display":"","ast-hfb-below-header-display":"","ast-hfb-mobile-header-display":"","site-post-title":"disabled","ast-breadcrumbs-content":"","ast-featured-img":"disabled","footer-sml-layout":"","theme-transparent-header-meta":"default","adv-header-id-meta":"","stick-header-meta":"","header-above-stick-meta":"","header-main-stick-meta":"","header-below-stick-meta":"","astra-migrate-meta-layouts":"default","ast-page-background-enabled":"default","ast-page-background-meta":{"desktop":{"background-color":"","background-image":"","background-repeat":"repeat","background-position":"center center","background-size":"auto","background-attachment":"scroll","background-type":"","background-media":"","overlay-type":"","overlay-color":"","overlay-opacity":"","overlay-gradient":""},"tablet":{"background-color":"","background-image":"","background-repeat":"repeat","background-position":"center center","background-size":"auto","background-attachment":"scroll","background-type":"","background-media":"","overlay-type":"","overlay-color":"","overlay-opacity":"","overlay-gradient":""},"mobile":{"background-color":"","background-image":"","background-repeat":"repeat","background-position":"center center","background-size":"auto","background-attachment":"scroll","background-type":"","background-media":"","overlay-type":"","overlay-color":"","overlay-opacity":"","overlay-gradient":""}},"ast-content-background-meta":{"desktop":{"background-color":"var(--ast-global-color-5)","background-image":"","background-repeat":"repeat","background-position":"center center","background-size":"auto","background-attachment":"scroll","background-type":"","background-media":"","overlay-type":"","overlay-color":"","overlay-opacity":"","overlay-gradient":""},"tablet":{"background-color":"var(--ast-global-color-5)","background-image":"","background-repeat":"repeat","background-position":"center center","background-size":"auto","background-attachment":"scroll","background-type":"","background-media":"","overlay-type":"","overlay-color":"","overlay-opacity":"","overlay-gradient":""},"mobile":{"background-color":"var(--ast-global-color-5)","background-image":"","background-repeat":"repeat","background-position":"center center","background-size":"auto","background-attachment":"scroll","background-type":"","background-media":"","overlay-type":"","overlay-color":"","overlay-opacity":"","overlay-gradient":""}},"footnotes":""},"class_list":["post-351","page","type-page","status-publish","hentry"],"yoast_head":"<!-- This site is optimized with the Yoast SEO plugin v25.6 - https:\/\/yoast.com\/wordpress\/plugins\/seo\/ -->\n<title>Cotizar - Dise\u00f1o y Desarrollo web para empresas<\/title>\n<meta name=\"robots\" content=\"index, follow, max-snippet:-1, max-image-preview:large, max-video-preview:-1\" \/>\n<link rel=\"canonical\" href=\"https:\/\/micgf.com\/index.php\/cotizar\/\" \/>\n<meta property=\"og:locale\" content=\"es_ES\" \/>\n<meta property=\"og:type\" content=\"article\" \/>\n<meta property=\"og:title\" content=\"Cotizar - Dise\u00f1o y Desarrollo web para empresas\" \/>\n<meta property=\"og:description\" content=\"Empecemos con unos datos para cotizar tu proyecto\" \/>\n<meta property=\"og:url\" content=\"https:\/\/micgf.com\/index.php\/cotizar\/\" \/>\n<meta property=\"og:site_name\" content=\"Dise\u00f1o y Desarrollo web para empresas\" \/>\n<meta property=\"article:modified_time\" content=\"2021-05-21T17:00:50+00:00\" \/>\n<meta name=\"twitter:card\" content=\"summary_large_image\" \/>\n<meta name=\"twitter:label1\" content=\"Tiempo de lectura\" \/>\n\t<meta name=\"twitter:data1\" content=\"7 minutos\" \/>\n<script type=\"application\/ld+json\" class=\"yoast-schema-graph\">{\"@context\":\"https:\/\/schema.org\",\"@graph\":[{\"@type\":\"WebPage\",\"@id\":\"https:\/\/micgf.com\/index.php\/cotizar\/\",\"url\":\"https:\/\/micgf.com\/index.php\/cotizar\/\",\"name\":\"Cotizar - Dise\u00f1o y Desarrollo web para empresas\",\"isPartOf\":{\"@id\":\"https:\/\/micgf.com\/#website\"},\"datePublished\":\"2021-05-21T16:48:08+00:00\",\"dateModified\":\"2021-05-21T17:00:50+00:00\",\"breadcrumb\":{\"@id\":\"https:\/\/micgf.com\/index.php\/cotizar\/#breadcrumb\"},\"inLanguage\":\"es\",\"potentialAction\":[{\"@type\":\"ReadAction\",\"target\":[\"https:\/\/micgf.com\/index.php\/cotizar\/\"]}]},{\"@type\":\"BreadcrumbList\",\"@id\":\"https:\/\/micgf.com\/index.php\/cotizar\/#breadcrumb\",\"itemListElement\":[{\"@type\":\"ListItem\",\"position\":1,\"name\":\"Home\",\"item\":\"https:\/\/micgf.com\/\"},{\"@type\":\"ListItem\",\"position\":2,\"name\":\"Cotizar\"}]},{\"@type\":\"WebSite\",\"@id\":\"https:\/\/micgf.com\/#website\",\"url\":\"https:\/\/micgf.com\/\",\"name\":\"Dise\u00f1o y Desarrollo web para empresas\",\"description\":\"Te ayudo a que tengas presencia en l\u00ednea y te encuentren desde cualquier lugar\",\"potentialAction\":[{\"@type\":\"SearchAction\",\"target\":{\"@type\":\"EntryPoint\",\"urlTemplate\":\"https:\/\/micgf.com\/?s={search_term_string}\"},\"query-input\":{\"@type\":\"PropertyValueSpecification\",\"valueRequired\":true,\"valueName\":\"search_term_string\"}}],\"inLanguage\":\"es\"}]}<\/script>\n<!-- \/ Yoast SEO plugin. -->","yoast_head_json":{"title":"Cotizar - Dise\u00f1o y Desarrollo web para empresas","robots":{"index":"index","follow":"follow","max-snippet":"max-snippet:-1","max-image-preview":"max-image-preview:large","max-video-preview":"max-video-preview:-1"},"canonical":"https:\/\/micgf.com\/index.php\/cotizar\/","og_locale":"es_ES","og_type":"article","og_title":"Cotizar - Dise\u00f1o y Desarrollo web para empresas","og_description":"Empecemos con unos datos para cotizar tu proyecto","og_url":"https:\/\/micgf.com\/index.php\/cotizar\/","og_site_name":"Dise\u00f1o y Desarrollo web para empresas","article_modified_time":"2021-05-21T17:00:50+00:00","twitter_card":"summary_large_image","twitter_misc":{"Tiempo de lectura":"7 minutos"},"schema":{"@context":"https:\/\/schema.org","@graph":[{"@type":"WebPage","@id":"https:\/\/micgf.com\/index.php\/cotizar\/","url":"https:\/\/micgf.com\/index.php\/cotizar\/","name":"Cotizar - Dise\u00f1o y Desarrollo web para empresas","isPartOf":{"@id":"https:\/\/micgf.com\/#website"},"datePublished":"2021-05-21T16:48:08+00:00","dateModified":"2021-05-21T17:00:50+00:00","breadcrumb":{"@id":"https:\/\/micgf.com\/index.php\/cotizar\/#breadcrumb"},"inLanguage":"es","potentialAction":[{"@type":"ReadAction","target":["https:\/\/micgf.com\/index.php\/cotizar\/"]}]},{"@type":"BreadcrumbList","@id":"https:\/\/micgf.com\/index.php\/cotizar\/#breadcrumb","itemListElement":[{"@type":"ListItem","position":1,"name":"Home","item":"https:\/\/micgf.com\/"},{"@type":"ListItem","position":2,"name":"Cotizar"}]},{"@type":"WebSite","@id":"https:\/\/micgf.com\/#website","url":"https:\/\/micgf.com\/","name":"Dise\u00f1o y Desarrollo web para empresas","description":"Te ayudo a que tengas presencia en l\u00ednea y te encuentren desde cualquier lugar","potentialAction":[{"@type":"SearchAction","target":{"@type":"EntryPoint","urlTemplate":"https:\/\/micgf.com\/?s={search_term_string}"},"query-input":{"@type":"PropertyValueSpecification","valueRequired":true,"valueName":"search_term_string"}}],"inLanguage":"es"}]}},"_links":{"self":[{"href":"https:\/\/micgf.com\/index.php\/wp-json\/wp\/v2\/pages\/351","targetHints":{"allow":["GET"]}}],"collection":[{"href":"https:\/\/micgf.com\/index.php\/wp-json\/wp\/v2\/pages"}],"about":[{"href":"https:\/\/micgf.com\/index.php\/wp-json\/wp\/v2\/types\/page"}],"author":[{"embeddable":true,"href":"https:\/\/micgf.com\/index.php\/wp-json\/wp\/v2\/users\/1"}],"replies":[{"embeddable":true,"href":"https:\/\/micgf.com\/index.php\/wp-json\/wp\/v2\/comments?post=351"}],"version-history":[{"count":7,"href":"https:\/\/micgf.com\/index.php\/wp-json\/wp\/v2\/pages\/351\/revisions"}],"predecessor-version":[{"id":385,"href":"https:\/\/micgf.com\/index.php\/wp-json\/wp\/v2\/pages\/351\/revisions\/385"}],"wp:attachment":[{"href":"https:\/\/micgf.com\/index.php\/wp-json\/wp\/v2\/media?parent=351"}],"curies":[{"name":"wp","href":"https:\/\/api.w.org\/{rel}","templated":true}]}}